{"id":61,"date":"2022-06-27T13:33:14","date_gmt":"2022-06-27T11:33:14","guid":{"rendered":"http:\/\/bouconprojects.fr\/?page_id=61"},"modified":"2022-07-20T09:30:22","modified_gmt":"2022-07-20T07:30:22","slug":"accueil-2","status":"publish","type":"page","link":"https:\/\/bouconprojects.fr\/","title":{"rendered":"Accueil"},"content":{"rendered":"\t\t<div data-elementor-type=\"wp-page\" data-elementor-id=\"61\" class=\"elementor elementor-61\" data-elementor-post-type=\"page\">\n\t\t\t\t\t\t<section class=\"elementor-section elementor-top-section elementor-element elementor-element-5398b83 elementor-section-stretched elementor-section-boxed elementor-section-height-default elementor-section-height-default\" data-id=\"5398b83\" data-element_type=\"section\" data-settings=\"{&quot;stretch_section&quot;:&quot;section-stretched&quot;}\">\n\t\t\t\t\t\t<div class=\"elementor-container elementor-column-gap-no\">\n\t\t\t\t\t<div class=\"elementor-column elementor-col-100 elementor-top-column elementor-element elementor-element-3e9e960\" data-id=\"3e9e960\" data-element_type=\"column\">\n\t\t\t<div class=\"elementor-widget-wrap elementor-element-populated\">\n\t\t\t\t\t\t<div class=\"elementor-element elementor-element-130690f elementor-widget elementor-widget-text-editor\" data-id=\"130690f\" data-element_type=\"widget\" data-widget_type=\"text-editor.default\">\n\t\t\t\t<div class=\"elementor-widget-container\">\n\t\t\t\t\t\t\t\t\t<p><span style=\"color: #000000;\"><span style=\"text-align: center;\">L&rsquo;Entreprise Boucon, c&rsquo;est la maitrise de tous les corps de m\u00e9tiers du<\/span> b\u00e2timent.<span style=\"text-align: center;\"> Grace \u00e0 nos \u00e9quipes qualifi\u00e9es et notre exp\u00e9rience, Nous r\u00e9alisons aujourd&rsquo;hui vos projets de fond en combles, ou de mani\u00e8re partielle en fonction du type de r\u00e9novation que vous souhaitez.\u00a0Voici certaines de nos cr\u00e9ations :<\/span><\/span><\/p>\t\t\t\t\t\t\t\t<\/div>\n\t\t\t\t<\/div>\n\t\t\t\t<div class=\"elementor-element elementor-element-e1e66a0 elementor--h-position-center elementor--v-position-middle elementor-arrows-position-inside elementor-pagination-position-inside elementor-widget elementor-widget-slides\" data-id=\"e1e66a0\" data-element_type=\"widget\" data-settings=\"{&quot;transition_speed&quot;:1000,&quot;navigation&quot;:&quot;both&quot;,&quot;autoplay&quot;:&quot;yes&quot;,&quot;autoplay_speed&quot;:5000,&quot;infinite&quot;:&quot;yes&quot;,&quot;transition&quot;:&quot;slide&quot;}\" data-widget_type=\"slides.default\">\n\t\t\t\t<div class=\"elementor-widget-container\">\n\t\t\t\t\t\t\t\t\t<div class=\"elementor-swiper\">\n\t\t\t\t\t<div class=\"elementor-slides-wrapper elementor-main-swiper swiper\" role=\"region\" aria-roledescription=\"carousel\" aria-label=\"Diapositives\" dir=\"ltr\" data-animation=\"\">\n\t\t\t\t<div class=\"swiper-wrapper elementor-slides\">\n\t\t\t\t\t\t\t\t\t\t<div class=\"elementor-repeater-item-e916bee swiper-slide\" role=\"group\" aria-roledescription=\"slide\"><div class=\"swiper-slide-bg elementor-ken-burns elementor-ken-burns--in\" role=\"img\"><\/div><a class=\"swiper-slide-inner\" href=\"https:\/\/bouconprojects.fr\/index.php\/domaine-de-rymska\/\"><div class=\"swiper-slide-contents\"><div class=\"elementor-slide-heading\">Domaine de Rymska<\/div><\/div><\/a><\/div><div class=\"elementor-repeater-item-f850bc7 swiper-slide\" role=\"group\" aria-roledescription=\"slide\"><div class=\"swiper-slide-bg elementor-ken-burns elementor-ken-burns--in\" role=\"img\"><\/div><a class=\"swiper-slide-inner\" href=\"https:\/\/bouconprojects.fr\/index.php\/deveney-mars\/\"><div class=\"swiper-slide-contents\"><div class=\"elementor-slide-heading\">Maison Deveney-Mars<\/div><\/div><\/a><\/div><div class=\"elementor-repeater-item-3600f27 swiper-slide\" role=\"group\" aria-roledescription=\"slide\"><div class=\"swiper-slide-bg elementor-ken-burns elementor-ken-burns--in\" role=\"img\"><\/div><a class=\"swiper-slide-inner\" href=\"https:\/\/bouconprojects.fr\/index.php\/maison-champy\/\"><div class=\"swiper-slide-contents\"><div class=\"elementor-slide-heading\">Maison Champy<\/div><\/div><\/a><\/div>\t\t\t\t<\/div>\n\t\t\t\t\t\t\t\t\t\t\t\t\t\t\t<div class=\"elementor-swiper-button elementor-swiper-button-prev\" role=\"button\" tabindex=\"0\" aria-label=\"Diapositive pr\u00e9c\u00e9dente\">\n\t\t\t\t\t\t\t<i aria-hidden=\"true\" class=\"eicon-chevron-left\"><\/i>\t\t\t\t\t\t<\/div>\n\t\t\t\t\t\t<div class=\"elementor-swiper-button elementor-swiper-button-next\" role=\"button\" tabindex=\"0\" aria-label=\"Diapositive suivante\">\n\t\t\t\t\t\t\t<i aria-hidden=\"true\" class=\"eicon-chevron-right\"><\/i>\t\t\t\t\t\t<\/div>\n\t\t\t\t\t\t\t\t\t\t\t\t\t\t\t\t<div class=\"swiper-pagination\"><\/div>\n\t\t\t\t\t\t\t\t\t\t\t\t<\/div>\n\t\t\t\t<\/div>\n\t\t\t\t\t\t\t\t<\/div>\n\t\t\t\t<\/div>\n\t\t\t\t\t<\/div>\n\t\t<\/div>\n\t\t\t\t\t<\/div>\n\t\t<\/section>\n\t\t\t\t<\/div>\n\t\t","protected":false},"excerpt":{"rendered":"<p>L&rsquo;Entreprise Boucon, c&rsquo;est la maitrise de tous les corps de m\u00e9tiers du b\u00e2timent. Grace \u00e0 nos \u00e9quipes qualifi\u00e9es et notre exp\u00e9rience, Nous r\u00e9alisons aujourd&rsquo;hui vos projets de fond en combles, ou de mani\u00e8re partielle en fonction du type de r\u00e9novation que vous souhaitez.\u00a0Voici certaines de nos cr\u00e9ations : Domaine de RymskaMaison Deveney-MarsMaison Champy Pr\u00e9c\u00e9dent Suivant<\/p>\n","protected":false},"author":1,"featured_media":0,"parent":0,"menu_order":0,"comment_status":"closed","ping_status":"closed","template":"","meta":{"footnotes":""},"class_list":["post-61","page","type-page","status-publish","hentry"],"yoast_head":"<!-- This site is optimized with the Yoast SEO plugin v24.5 - https:\/\/yoast.com\/wordpress\/plugins\/seo\/ -->\n<title>Accueil - BouconProjects<\/title>\n<meta name=\"description\" content=\"R\u00e9alisation compl\u00e8te de vos projets de caract\u00e8re, ma\u00eetrise des savoir-faire, fabrication, r\u00e9alisation, installation, suivi.\" \/>\n<meta name=\"robots\" content=\"index, follow, max-snippet:-1, max-image-preview:large, max-video-preview:-1\" \/>\n<link rel=\"canonical\" href=\"https:\/\/bouconprojects.fr\/\" \/>\n<meta property=\"og:locale\" content=\"fr_FR\" \/>\n<meta property=\"og:type\" content=\"article\" \/>\n<meta property=\"og:title\" content=\"Accueil - BouconProjects\" \/>\n<meta property=\"og:description\" content=\"R\u00e9alisation compl\u00e8te de vos projets de caract\u00e8re, ma\u00eetrise des savoir-faire, fabrication, r\u00e9alisation, installation, suivi.\" \/>\n<meta property=\"og:url\" content=\"https:\/\/bouconprojects.fr\/\" \/>\n<meta property=\"og:site_name\" content=\"BouconProjects\" \/>\n<meta property=\"article:modified_time\" content=\"2022-07-20T07:30:22+00:00\" \/>\n<meta name=\"twitter:card\" content=\"summary_large_image\" \/>\n<meta name=\"twitter:label1\" content=\"Dur\u00e9e de lecture estim\u00e9e\" \/>\n\t<meta name=\"twitter:data1\" content=\"1 minute\" \/>\n<script type=\"application\/ld+json\" class=\"yoast-schema-graph\">{\"@context\":\"https:\/\/schema.org\",\"@graph\":[{\"@type\":\"WebPage\",\"@id\":\"https:\/\/bouconprojects.fr\/\",\"url\":\"https:\/\/bouconprojects.fr\/\",\"name\":\"Accueil - BouconProjects\",\"isPartOf\":{\"@id\":\"https:\/\/bouconprojects.fr\/#website\"},\"datePublished\":\"2022-06-27T11:33:14+00:00\",\"dateModified\":\"2022-07-20T07:30:22+00:00\",\"description\":\"R\u00e9alisation compl\u00e8te de vos projets de caract\u00e8re, ma\u00eetrise des savoir-faire, fabrication, r\u00e9alisation, installation, suivi.\",\"breadcrumb\":{\"@id\":\"https:\/\/bouconprojects.fr\/#breadcrumb\"},\"inLanguage\":\"fr-FR\",\"potentialAction\":[{\"@type\":\"ReadAction\",\"target\":[\"https:\/\/bouconprojects.fr\/\"]}]},{\"@type\":\"BreadcrumbList\",\"@id\":\"https:\/\/bouconprojects.fr\/#breadcrumb\",\"itemListElement\":[{\"@type\":\"ListItem\",\"position\":1,\"name\":\"Accueil\",\"item\":\"https:\/\/bouconprojects.fr\/\"},{\"@type\":\"ListItem\",\"position\":2,\"name\":\"Accueil\"}]},{\"@type\":\"WebSite\",\"@id\":\"https:\/\/bouconprojects.fr\/#website\",\"url\":\"https:\/\/bouconprojects.fr\/\",\"name\":\"BouconProjects\",\"description\":\"Projets de caract\u00e8re, Maitrise des savoir-faire\",\"publisher\":{\"@id\":\"https:\/\/bouconprojects.fr\/#organization\"},\"potentialAction\":[{\"@type\":\"SearchAction\",\"target\":{\"@type\":\"EntryPoint\",\"urlTemplate\":\"https:\/\/bouconprojects.fr\/?s={search_term_string}\"},\"query-input\":{\"@type\":\"PropertyValueSpecification\",\"valueRequired\":true,\"valueName\":\"search_term_string\"}}],\"inLanguage\":\"fr-FR\"},{\"@type\":\"Organization\",\"@id\":\"https:\/\/bouconprojects.fr\/#organization\",\"name\":\"BouconProjects\",\"url\":\"https:\/\/bouconprojects.fr\/\",\"logo\":{\"@type\":\"ImageObject\",\"inLanguage\":\"fr-FR\",\"@id\":\"https:\/\/bouconprojects.fr\/#\/schema\/logo\/image\/\",\"url\":\"https:\/\/bouconprojects.fr\/wp-content\/uploads\/2022\/06\/Boucon-PROJ-reduit-e1655969747461.png\",\"contentUrl\":\"https:\/\/bouconprojects.fr\/wp-content\/uploads\/2022\/06\/Boucon-PROJ-reduit-e1655969747461.png\",\"width\":900,\"height\":344,\"caption\":\"BouconProjects\"},\"image\":{\"@id\":\"https:\/\/bouconprojects.fr\/#\/schema\/logo\/image\/\"}}]}<\/script>\n<!-- \/ Yoast SEO plugin. -->","yoast_head_json":{"title":"Accueil - BouconProjects","description":"R\u00e9alisation compl\u00e8te de vos projets de caract\u00e8re, ma\u00eetrise des savoir-faire, fabrication, r\u00e9alisation, installation, suivi.","robots":{"index":"index","follow":"follow","max-snippet":"max-snippet:-1","max-image-preview":"max-image-preview:large","max-video-preview":"max-video-preview:-1"},"canonical":"https:\/\/bouconprojects.fr\/","og_locale":"fr_FR","og_type":"article","og_title":"Accueil - BouconProjects","og_description":"R\u00e9alisation compl\u00e8te de vos projets de caract\u00e8re, ma\u00eetrise des savoir-faire, fabrication, r\u00e9alisation, installation, suivi.","og_url":"https:\/\/bouconprojects.fr\/","og_site_name":"BouconProjects","article_modified_time":"2022-07-20T07:30:22+00:00","twitter_card":"summary_large_image","twitter_misc":{"Dur\u00e9e de lecture estim\u00e9e":"1 minute"},"schema":{"@context":"https:\/\/schema.org","@graph":[{"@type":"WebPage","@id":"https:\/\/bouconprojects.fr\/","url":"https:\/\/bouconprojects.fr\/","name":"Accueil - BouconProjects","isPartOf":{"@id":"https:\/\/bouconprojects.fr\/#website"},"datePublished":"2022-06-27T11:33:14+00:00","dateModified":"2022-07-20T07:30:22+00:00","description":"R\u00e9alisation compl\u00e8te de vos projets de caract\u00e8re, ma\u00eetrise des savoir-faire, fabrication, r\u00e9alisation, installation, suivi.","breadcrumb":{"@id":"https:\/\/bouconprojects.fr\/#breadcrumb"},"inLanguage":"fr-FR","potentialAction":[{"@type":"ReadAction","target":["https:\/\/bouconprojects.fr\/"]}]},{"@type":"BreadcrumbList","@id":"https:\/\/bouconprojects.fr\/#breadcrumb","itemListElement":[{"@type":"ListItem","position":1,"name":"Accueil","item":"https:\/\/bouconprojects.fr\/"},{"@type":"ListItem","position":2,"name":"Accueil"}]},{"@type":"WebSite","@id":"https:\/\/bouconprojects.fr\/#website","url":"https:\/\/bouconprojects.fr\/","name":"BouconProjects","description":"Projets de caract\u00e8re, Maitrise des savoir-faire","publisher":{"@id":"https:\/\/bouconprojects.fr\/#organization"},"potentialAction":[{"@type":"SearchAction","target":{"@type":"EntryPoint","urlTemplate":"https:\/\/bouconprojects.fr\/?s={search_term_string}"},"query-input":{"@type":"PropertyValueSpecification","valueRequired":true,"valueName":"search_term_string"}}],"inLanguage":"fr-FR"},{"@type":"Organization","@id":"https:\/\/bouconprojects.fr\/#organization","name":"BouconProjects","url":"https:\/\/bouconprojects.fr\/","logo":{"@type":"ImageObject","inLanguage":"fr-FR","@id":"https:\/\/bouconprojects.fr\/#\/schema\/logo\/image\/","url":"https:\/\/bouconprojects.fr\/wp-content\/uploads\/2022\/06\/Boucon-PROJ-reduit-e1655969747461.png","contentUrl":"https:\/\/bouconprojects.fr\/wp-content\/uploads\/2022\/06\/Boucon-PROJ-reduit-e1655969747461.png","width":900,"height":344,"caption":"BouconProjects"},"image":{"@id":"https:\/\/bouconprojects.fr\/#\/schema\/logo\/image\/"}}]}},"_links":{"self":[{"href":"https:\/\/bouconprojects.fr\/index.php\/wp-json\/wp\/v2\/pages\/61","targetHints":{"allow":["GET"]}}],"collection":[{"href":"https:\/\/bouconprojects.fr\/index.php\/wp-json\/wp\/v2\/pages"}],"about":[{"href":"https:\/\/bouconprojects.fr\/index.php\/wp-json\/wp\/v2\/types\/page"}],"author":[{"embeddable":true,"href":"https:\/\/bouconprojects.fr\/index.php\/wp-json\/wp\/v2\/users\/1"}],"replies":[{"embeddable":true,"href":"https:\/\/bouconprojects.fr\/index.php\/wp-json\/wp\/v2\/comments?post=61"}],"version-history":[{"count":142,"href":"https:\/\/bouconprojects.fr\/index.php\/wp-json\/wp\/v2\/pages\/61\/revisions"}],"predecessor-version":[{"id":356,"href":"https:\/\/bouconprojects.fr\/index.php\/wp-json\/wp\/v2\/pages\/61\/revisions\/356"}],"wp:attachment":[{"href":"https:\/\/bouconprojects.fr\/index.php\/wp-json\/wp\/v2\/media?parent=61"}],"curies":[{"name":"wp","href":"https:\/\/api.w.org\/{rel}","templated":true}]}}